3 + 2*y + 1. Suppose 3*b + z = -8, -6*b = -5*b + z + 6. Determine g(b).
3
Let a(s) = s**2 + s - 2. Suppose -71 = 5*i - 56. Calculate a(i).
4
Let i(c) be the third derivative of c**5/60 + c**4/4 - 35*c**2 - 2*c. What is i(-6)?
0
Let b(o) = 3*o**2 + 6*o - 2*o + 2*o**2 + 5 - 8*o + o**3. Give b(-6).
-7
Suppose 1 = p - 11. Let r(x) = x**3 - 13*x**2 + 11*x + 13. Let q be r(p). Let y(n) = 3*n**3 - n**2 + 1. Give y(q).
3
Let x(m) = -7*m**3 + 17*m**2 - 5*m + 9. Let q(t) = -4*t**3 + 9*t**2 - 3*t + 5. Let r(l) = 5*q(l) - 3*x(l). Give r(6).
-2
Let s(l) = -l**2 + l + 6. Let w = 9 + -9. Calculate s(w).
6
Let w(a) = a**3 - 9*a**2 + 8*a + 6. Let j be 28/6*(-12)/(-14) - -4. Calculate w(j).
6
Let k(l) = -4*l + 1. Let q = -7 - -12. Suppose -3*y + 1 + 15 = q*h, -y - 5*h = -12. Calculate k(y).
-7
Let g(w) be the first derivative of w**6/40 - w**5/60 - w**4/24 + w**3 + 3. Let p(b) be the third derivative of g(b). What is p(-1)?
10
Let u(b) = 9*b - 1. Suppose 0 = -5*q - 4 + 9. What is u(q)?
8
Let m(u) = u - 2. Let a = 24 + -29. What is m(a)?
-7
Let l(j) = j**2 + j + 8. Let q be l(0). Let k(t) = -q*t - 7*t + 14*t. Calculate k(-3).
3
Let q(i) = 5*i**2 - 21*i + 15. Let p(n) = -2*n**2 + 10*n - 7. Let r(z) = 7*p(z) + 3*q(z). What is r(-7)?
-4
Let j(v) = -2*v**2 + 6*v - 2. Let b = 47 + -43. Calculate j(b).
-10
Let n(l) = l - 1. Let h = 31 + -35. Determine n(h).
-5
Let v(t) be the third derivative of t**4/24 - 7*t**3/6 + 6*t**2. Determine v(4).
-3
Suppose 4 = 3*c + 5*d, -c - 3*d + 1 = -d. Let f(q) = c - q + 4 - 1 - 4. Determine f(-4).
6
Let y be 1/(-2)*10/(-1). Let u(h) = h**3 - 4*h**2 - 5*h - 1. Determine u(y).
-1
Let r(j) = -j**3 + 7*j**2 - 5*j - 4. Let i be r(6). Suppose 18 = v + i*v. Let p(u) = u - 3. Calculate p(v).
3
Let k(r) = -2*r**3 - 1 + 0*r - 9*r**2 + 3*r**3 + 9*r. Determine k(8).
7
Let r(o) = -o**2 - 8*o - 7. Let a be r(-6). Let h = 3 - a. Let p(t) = 2*t**2 - 2*t - 1. Determine p(h).
11
Let s(c) be the first derivative of 9*c**4/4 + c**2 - c - 2. Suppose k + 10 = h - 3*k, 2*k - 28 = -5*h. Suppose x + 5 = h*x. What is s(x)?
10
Let q be (-49)/(-8) - 8/64. Let w(o) = o**3 - 6*o**2 + o - 4. What is w(q)?
2
Let o(f) = 3*f**3 + f**2 - f. Suppose -4*w + 30 = w. Let k = -5 + w. What is o(k)?
3
Let j(a) be the second derivative of -1/3*a**3 + 0 + 3*a**2 + 2*a. Let i be -12*2/(-2*3). Determine j(i).
-2
Let l(p) = -p**3 + 6*p**2 - 5*p + 2. Let t(c) = -7*c - 3. Let n be t(-1). Determine l(n).
14
Suppose 0 = -2*z + 5*t - 13, -3*z + 2*t - 18 = z. Let d(l) = 6 - 8 + 3*l + 7 - 2*l. Calculate d(z).
1
Let b = -3 - -8. Let f(p) = -2 + 2*p - b*p + 3*p - p. What is f(-2)?
0
Let q(o) = o**2 - o - 1. Let f(d) = -d**3 + 10*d**2 - d - 2. Let m(u) = -f(u) + q(u). Give m(9).
1
Let t = -27 - -28. Let i(n) = 10*n**2 - n. Determine i(t).
9
Let f(h) = h + 6. Let c be f(-4). Suppose 3*s = -c*s. Let n(g) = -3*g - 8. Let w(o) = -8*o - 23. Let u(m) = -11*n(m) + 4*w(m). Determine u(s).
-4
Let u(t) = t**2 + 2*t + 4. Let d(l) = -2*l**2 - 3*l - 8. Let h(w) = -6*d(w) - 13*u(w). Let x be 1/(-2 - (-13)/7). What is h(x)?
3
Suppose 3*j + 0*j - 5*g - 25 = 0, -3*g - 15 = 5*j. Let n(p) = -p**2 + p - 6. Calculate n(j).
-6
Suppose -5*b - 28 = -m, -2*b = m - b + 2. Let h = 4 - m. Let a(d) = -8*d + d + 15*d + 1 + 2*d. Calculate a(h).
11
Suppose -3*o + 3 = 6. Let u(g) = -6*g - 1. Give u(o).
5
Let a(p) = 22*p - 3 - 14*p + 1 + 1. Give a(1).
7
Let o(a) = a**2 + 8*a + 8. Suppose 0 = 3*i - 3*h + 12 + 15, -4*i - h - 21 = 0. What is o(i)?
-4
Let d(n) = n**2 + n - 5. Let z(l) = l - 1. Let w(g) = d(g) + 5*z(g). Determine w(-7).
-3
Let x(q) = q**2 - 3*q - 4. Suppose 4*m + 4 + 4 = 0. Let z = 17 - 10. Let c = z + m. What is x(c)?
6
Let n(f) = -2 - 3 + 4 + 3*f + 2. Give n(-2).
-5
Let d(r) = 9*r**3 - 2*r - r**3 - 7*r**3 - 4 + 4*r**2. Let h = 2 - 2. Suppose 4 = -h*y - y. Calculate d(y).
4
Let p(f) be the second derivative of -f**3/3 - 3*f**2 - 13*f + 1. What is p(-5)?
4
Let y(g) = g**3 + 6*g**2 + 6*g + 4. Suppose 4 = 4*d - 5*p, -3*p + p = 8. Give y(d).
12
Suppose 5*g = 5 + 5. Let a(p) = -3*p + 2 - p**3 + 5*p**2 - g + 1. Give a(3).
10
Suppose -5*d - 2*z = -22, 4*d - 11 - 8 = -3*z. Suppose 3*x = -5 - d. Let p(j) = j**3 + 2*j + 3*j**2 - 4*j + j. What is p(x)?
3
Let k(w) = -3*w**3 - 5*w**2 + w + 5. Let l(j) = 2*j - 16. Let y be l(7). Let h(f) = 16*f**3 + 26*f**2 - 4*f - 26. Let o(g) = y*h(g) - 11*k(g). Calculate o(-2).
7
Suppose 0 = x + 2*c, 5*x - 2*x - 2*c - 24 = 0. Let b(y) = x - 3 + 3*y + y. Suppose -4*k + 2 = -5*k. Determine b(k).
-5
Let j(c) = 2*c. Let o be j(1). Let k be (0*1/(-2))/(-2). Let d(p) = -o + k*p + 0*p - 2*p**2. Determine d(-2).
-10
Suppose z = -0*z + 2. Suppose -3*i + 5*w - 10 = z*i, i - 4*w + 8 = 0. Let k(t) be the third derivative of t**4/24 + 5*t**3/3 - 2*t**2. Calculate k(i).
10
Let h(k) be the second derivative of -k**4/12 + 2*k**3/3 + 13*k. Suppose 4*w = r + 12, 7*w - 2*w + 2 = -3*r. Give h(w).
4
Suppose -20 = 3*i - 8*i. Let c(l) = -l**3 + 2*l**2 + 4*l + 3. What is c(i)?
-13
Suppose 2*r - 35 = 7*r. Let x(w) = -w - 7. Let m be x(r). Let q(f) = f + 8 + f**2 - 11 - 2*f**2. Give q(m).
-3
Let z(x) = -x**3 - 3*x**2 - x. Let k(t) = t + 5. Let o be k(-7). Calculate z(o).
-2
Let o be (-9 + (15 - 7))/1. Let k(q) = 6*q**3 - 2*q + 0 - 2 + 1. Determine k(o).
-5
Let n(p) be the first derivative of 0*p + 1 - 1/2*p**2. Let v be ((-24)/16)/(-1 + (-11)/(-8)). Give n(v).
4
Let r = 3 - 0. Let a(z) be the third derivative of z**3/6 + z**2. Let x(d) = -5*d**2 + d - 2. Let s(o) = r*a(o) + x(o). Give s(-1).
-5
Suppose -3 - 22 = -5*f. Let o(t) be the second derivative of t**5/20 - t**4/2 + 5*t**3/6 + 7*t**2/2 + t. Calculate o(f).
7
Suppose 3*k + 2 = a - 1, 0 = k - 4*a + 1. Let s = k + -3. Let t(c) = -c**2 - 3*c - 2. Calculate t(s).
-6
Let m(u) be the second derivative of -u**3/6 - 2*u**2 + 8*u. Determine m(4).
-8
Let s(t) = -12*t - 6. Let r(j) = -2*j - 1. Let f(d) = 34*r(d) - 6*s(d). Give f(2).
10
Let f(q) be the second derivative of -2*q**3/3 + 2*q**2 - q + 6. Give f(4).
-12
Let y(w) = 7*w**2 - 10*w + 7. Let p(o) = 8*o**2 - 11*o + 8. Let l(j) = -6*p(j) + 7*y(j). Determine l(3).
-2
Let s(n) = 4*n + 0*n + n**3 - 2*n + 3*n**2 - 2. Calculate s(-2).
-2
Let u be (3 + 9)/(-4)*-1. Let k(w) = -w**2 + 2*w - 4. What is k(u)?
-7
Let v(b) = 15*b - 6. Let m(l) = 15*l - 8. Let s(z) = 2*m(z) - 3*v(z). Give s(-2).
32
Let p be (56/24)/(1/(-3)). Let o(t) = t + 3. What is o(p)?
-4
Let t(d) = d - 1. Suppose 0 = -n + 6*n + 80. Let z = n + 29. Suppose -x + 2 = 0, -z = 4*q + x + 5. Determine t(q).
-6
Let x(q) be the first derivative of -q**4/4 + q**3 + q**2/2 + 3*q + 4. What is x(4)?
-9
Suppose 14 = -2*k - 2*r, -5*r = 2*k + 4 + 25. Let n(c) = c**3 + c - 1. Let y(f) = f**2 - 2*f. Let b(q) = k*y(q) - 2*n(q). Determine b(-2).
6
Suppose -2*j - 7 = -0*v + v, 0 = -3*v + 4*j + 9. Let b be 0 - (-6 - (0 + v)). Suppose 0*n = b*n. Let c(p) = -p**3 - p**2 - p - 7. Calculate c(n).
-7
Let j(o) be the third derivative of -o**6/120 - o**5/12 + o**4/4 + 3*o**3/2 + 5*o**2. Determine j(-6).
9
Let l(q) = q + 9. Suppose o = -4*o + 6*o. Give l(o).
9
Let o(i) = 2*i + 6. Let m(g) = 2*g + 6. Let t(d) = -2*m(d) + 3*o(d). Suppose -y - 4*y = 30. What is t(y)?
-6
Let k be (-1 + 6/3)*-1. Let l(j) = -4*j. Let i(p) = -p. Let g(c) = c + 10. Let o be g(-5). Let w(z) = k*l(z) + o*i(z). Give w(1).
-1
Let s(c) = 6*c**3 + 9*c**2 - 10*c + 5. Let u(d) = 5*d**3 + 8*d**2 - 9*d + 5. Let i(x) = 4*s(x) - 5*u(x). Let w = 11 - 16. Calculate i(w).
-5
Let z(k) = -2 - 1 + 5*k**2 + 4*k**2 + k**3 + 4. Let w be z(-9). Let c(j) = -7*j**3 + j**2 - j + 1. Determine c(w).
-6
Let s(b) = 2*b**2 + b - 1. Let j be s(1). Let d(p) = 2*p**2 - p - 2. Determine d(j).
4
Let w(n) = n**2 - 1. Let a(y) = y**3 - 4*y**2 - 5*y + 8. Let o(r) = a(r) - w(r). What is o(6)?
15
Let p(c) be the first derivative of c**6/120 + c**5/60 - c**4/24 - c**3/3 + c**2 - 2. Let d(m) be the second derivative of p(m). What is d(0)?
-2
Let y(i) = -5*i. Suppose -d - 28 = d. Let v = d + 12. Give y(v).
10
Let p(y) = -y**3 - 5*y**2 - y - 6. Let j(z) = z - 1. Let f be j(1). Suppose f = -3*m - 7 - 8. What is p(m)?
-1
Let p(w) = w**2 - 4 + 2 + 0*w**2 + 5*w - 8. Calculate p(-7).
4
Let q(o) = 0 - 4*o + 4 - o**2 + 2*o - 6. What is q(-3)?
-5
Suppose 5*k = -0*k. Suppose 6*d - d - 10 = k. Let c(j) = -j**3 - j**d - 3*j + 5*j**2 + 4*j + 4*j + 3. Calculate 